e thousands digit of p(33)?
9
Let z = 1536 - -1168. Let v = z + -598. What is the hundreds digit of v?
1
Suppose -10*i = 4*l - 6*i - 8, -i = -2*l + 4. Suppose -l*s = -616 - 158. What is the hundreds digit of s?
3
Suppose -u - 26 + 90 = 2*q, 5*u = 2*q + 284. What is the units digit of (-284)/(-6) + u/87?
8
Suppose 0 = 9*c - 27*c + 235087 + 100577. What is the tens digit of c?
4
Suppose -57 = 3*m - 63. Suppose 3*n - 2854 = -i, m*n - 4*n + 1899 = -3*i. What is the units digit of n?
1
Let b = 2867 + -2023. Suppose 0 = 2*p + 2*d - b, -8*d - 446 = -p - 3*d. What is the units digit of p?
6
Suppose -8*h + 1518 = -3114. What is the tens digit of h?
7
Let j(i) = 202*i - 3. Let a be j(4). Suppose -14*k - 2*v + 8 = -9*k, 0 = 3*v + 18. Suppose a = k*c + c. What is the tens digit of c?
6
Suppose 7*k - 16 = 47. Let p be 1 + (-4 - -4) + k. Suppose -2*i = -p*i + 360. What is the units digit of i?
5
Suppose 42*g = 37*g. Suppose -2*d = -3*u - u + 1744, g = -2*u + 2*d + 876. What is the tens digit of u?
3
Let r be ((-95)/4)/(-1 + 10/8). Let l be r/(-2)*(-24)/30. Let x = l + 60. What is the units digit of x?
2
Let u be (2 - 22/8)/((-4)/16). Suppose 3*z - u*p = 5166, -z - 1706 = -2*z + 5*p. What is the thousands digit of z?
1
Let n(o) = 3137*o**2 - 8*o - 19. What is the units digit of n(-4)?
5
Let y = -18 + 10. Let v(s) = -s + 8. Let h be v(10). What is the units digit of 2*h*100/y?
0
Let v(a) = 72*a + 1894 + 1947 - 3946. What is the tens digit of v(7)?
9
Let g(x) = 405*x**2 - 3*x - 3. Let y be (-4)/6*9/6. Let r be g(y). Suppose 0 = i + 4*i - r. What is the units digit of i?
1
Suppose -14*s - 11*s + 264222 = -4*s. What is the tens digit of s?
8
Suppose -3*a - 18 = -2*k, 0 = -2*k + 5*k + 3*a + 3. Let t be (3 - -113) + 4*k/(-6). Suppose -6*c = -t - 210. What is the tens digit of c?
5
Let r(n) = -n**3 + 9*n**2 - 12*n - 14. Let j be r(7). Suppose -4*v + 633 - 105 = j. What is the hundreds digit of v?
1
Suppose r + 5*w + 3 = -9, -4*r = -4*w + 24. Let z(y) = -14 + 2 + 7*y + 16*y**2 - 13*y**2. What is the tens digit of z(r)?
8
Let p(k) = -13*k + 13. Let u be (10/4)/((-3)/6). Let d be p(u). Suppose -h + 5*b = -45, -4*h + 5*b + 318 = d. What is the units digit of h?
5
Suppose -o + 14699 = 3*b, 863*o - 862*o - 5*b = 14771. What is the units digit of o?
6
Let d(z) = z**3 + 15*z**2 - 11*z + 87. Let i be d(-16). Let s(h) = -7*h + 110. What is the units digit of s(i)?
1
Let p(q) = 2*q + 2. Let x be p(-2). Let z be ((-298)/(-8) - x/8)*62. What is the tens digit of (2/6)/(5/z*5)?
3
What is the tens digit of -17*2/(-17) - (-15537 - (3 - 5))?
3
Suppose 5*k = 38 + 32. What is the tens digit of (8/(-6))/(k/(-2919))?
7
Let g be 4/6 - (-4325)/(-75). Let f = g - -59. What is the hundreds digit of 1036/7*(f - (-2)/(-2))?
1
Let q = 85888 + -48234. What is the hundreds digit of q?
6
Let g(m) = -m**3 - 7*m**2 + 3*m + 26. Let i be g(-7). Suppose 189 + 693 = p + i*l, l + 864 = p. What is the hundreds digit of p?
8
Suppose 22*w + 103*w + 34*w - 11028399 = 0. What is the units digit of w?
1
What is the hundreds digit of (-43254)/(-1) + 31 + 125/(-5)?
2
Let g(k) = -k**2 + 1. Let d be g(-3). Let v be 1/((1/d)/((-8)/16)). What is the tens digit of 49 - (-3 - -7 - v)?
4
Let r(m) = m**3 + 4*m**2 - 16*m - 19. Let j = -6 - 0. Let i be r(j). What is the units digit of 3/(i*12/100)?
5
Let r = -302 - -508. Suppose -4*a + 4*o = 360, 2*o + 151 = 5*a + 595. Let j = a + r. What is the hundreds digit of j?
1
Let q = 5 + 17. Let x(h) = -h**2 + 23*h. Let f be x(q). What is the tens digit of 33/f + 374/4?
9
Let p = 498 + -224. Let t = -139 + -50. Let m = t + p. What is the units digit of m?
5
Let i be ((-5)/2*-1)/(67/134). Suppose -2*j + z = 1, -5*j = -z + 6*z - i. Suppose 4*q - 164 + 24 = j. What is the tens digit of q?
3
Suppose 112 = -2*w + 10*w. Let a be (4/6)/(w/21). What is the tens digit of (a - 161)*9/(-6)?
4
Let p = -109 - -111. Suppose p*m - 13 = -15, 5*m - 759 = -4*c. What is the units digit of c?
1
Let g be (((-320)/(-30))/(-4))/((-4)/6). Suppose g*j + 157 = 2*t - 355, -j = 2*t - 517. What is the hundreds digit of t?
2
Let d(k) = k**3 + 9*k**2 + 9*k + 10. Let f be d(-7). Let a be 9/f - 2/5*-37. What is the units digit of (10/a)/(2/(494 + -2))?
4
Let r be (-8 + (-92)/(-12))*11*33. What is the tens digit of 126/(-21)*r/3?
4
Suppose -3*b - 2*t = -169072, 6*b + 56352 = 7*b - 2*t. What is the tens digit of b?
5
Suppose -2004*c + 354400 = -1999*c. What is the thousands digit of c?
0
Let x be -2 - (-3 - 2825/5). Let t = -224 + x. What is the hundreds digit of t?
3
Let p(u) = 17298*u**2 + 3*u. What is the units digit of p(-1)?
5
Let u(h) = h**3 + 5*h**2 - 245*h + 70. What is the hundreds digit of u(20)?
1
Let m be -2*19062/(2 + 4). What is the hundreds digit of (-182)/(-637) - (m/7 + 2)?
9
Let k(m) = 135*m - 10. Let f = 36 + -35. What is the units digit of k(f)?
5
Suppose -6*a - 4*a = -180. Suppose -a*d = -15*d - 1209. What is the tens digit of d?
0
What is the ten thousands digit of (5*2 - (-14836 + -26)) + 4?
1
Let f = -120 - -120. Suppose a + 2*a + 374 = 5*d, f = -3*d + 5*a + 218. Let b = -18 + d. What is the tens digit of b?
5
Let z be ((-54)/(-12) - 4)/(1/148). Let d = -13 - z. Let v = d - -139. What is the units digit of v?
2
Let t = -36408 - -53682. What is the ten thousands digit of t?
1
Let v = -179 + 190. Suppose v*c - 3301 = -694. What is the units digit of c?
7
Let f(m) = -1 + 2*m + 0 + 35*m - 11. Let n be f(4). Suppose 4*s - n = 388. What is the hundreds digit of s?
1
Let w(i) = -i**3 - 24*i**2 + 130*i - 90. What is the units digit of w(-32)?
2
Suppose 31135 = 18*x - 36221. What is the hundreds digit of x?
7
Let b(z) = z**3 - z**2 - 9. Let v be b(-6). Let k = 103 - v. What is the tens digit of k?
6
Let a = 6186 - -461. What is the hundreds digit of a?
6
What is the thousands digit of (5 - -1245)*13 - (-6)/1?
6
Suppose -10*t - 3 = -103. Suppose 4*f = 10 + t, -4*f = -u - 3. Suppose 0 = -u*y + 20*y - 477. What is the tens digit of y?
5
What is the thousands digit of ((-17)/(-7) + 1 - (-16)/28) + 3815?
3
Suppose 62*a - 52*a = 1350. What is the hundreds digit of (1948/(-6))/((-90)/a)?
4
Suppose 35512 = 2*y - 2*v - 23758, y - 3*v = 29653. What is the tens digit of y?
2
Suppose -n - 10*n = 16*n - 577584. What is the hundreds digit of n?
3
What is the thousands digit of (-50748)/(-15)*(2/(-4) + 3)?
8
Let x be 188/36 - (-2)/36*-4. Suppose 10*z - 135 + x = 0. What is the tens digit of -46*(z/(-11) - (-24)/132)?
4
Let x = -221 - -570. Let f = x + 36. What is the hundreds digit of f?
3
Let h = 61 - 49. Let l(j) = -j**3 + 11*j**2 + 7*j - 30. Let v be l(h). Let c = v - -167. What is the units digit of c?
7
Let w = 138 + 1134. Suppose q = 9*q - w. What is the hundreds digit of q?
1
Suppose 5*u - 3*j - 2355 = 2*j, 2*j - 1896 = -4*u. Let r = u + -239. What is the hundreds digit of r?
2
Let a = -148 - -153. What is the tens digit of (51120/(-200))/((-7)/a + 1)?
3
Let n(k) = 796*k + 1718. What is the hundreds digit of n(26)?
4
Let j be (-4508)/2*(-2)/((-4)/(-1)). Suppose j = 4*f - x, -f = -0*f - x - 278. What is the units digit of f?
3
Let k be 5/20*4 + -427. Let f = k - -830. What is the tens digit of f?
0
Let t(u) = 2*u**2 - 11*u - 22. Let i be t(15). Let c = 567 - i. What is the hundreds digit of c?
3
Suppose 832 = 4*g + 4*x, -x - 214 = -g + 4*x. What is the units digit of g + -2 - (-7 - -11)?
3
Let x = 11396 + -6516. What is the units digit of x?
0
Suppose 0 = -40*j + 790465 + 914095. What is the tens digit of j?
1
Let q be (14 + -11)/(0 - -1). Let u(o) = 2*o**3 - 7*o - 3. What is the units digit of u(q)?
0
Let w(q) = -362*q**3 + 2*q**2 + 2*q + 1. Let g be (-1)/(-2)*(48/(-6) - -6). What is the hundreds digit of w(g)?
3
Let q = 54908 + -23500. What is the ten thousands digit of q?
3
Suppose 11*v = 7*v - 3*y + 24528, 2*v - 12262 = -2*y. Suppose -v = -10*p - 5*p. What is the tens digit of p?
0
Let s = 20012 - 6063. What is the ten thousands digit of s?
1
Suppose -72 = 2*y + 4*a, -3*a + 154 + 12 = -4*y. What is the thousands digit of (-11718)/(-10) - y/200?
1
Suppose 21948*p = 21926*p + 466114. What is the units digit of p?
7
Let c be 8 - (4 - (6 + -10)). Suppose -4*t + 20 = t, -4*k - 2*t + 364 = c. What is the tens digit of k?
8
Let q be (-15)/10*(-10)/3. Suppose 2*j - 43 = u + j, -q*j = -2*u - 92. What is th